{"id":59,"date":"2017-10-20T19:21:59","date_gmt":"2017-10-20T22:21:59","guid":{"rendered":"http:\/\/localhost\/cpa\/wordpress\/?page_id=59"},"modified":"2019-10-17T10:42:04","modified_gmt":"2019-10-17T13:42:04","slug":"historia","status":"publish","type":"page","link":"https:\/\/www.cpajn.org.ar\/web\/historia\/","title":{"rendered":"Historia"},"content":{"rendered":"<p align=\"justify\"><span style=\"font-family: Arial; font-size: small;\"><b>1. BREVE RESE\u00d1A HIST\u00d3RICA<\/b><\/span><\/p>\n<p align=\"justify\"><span style=\"font-family: Arial; font-size: small;\">El primer antecedente legislativo del ejercicio profesional de la Agrimensura, Arquitectura e Ingenier\u00eda, es el Decreto-Ley 17.946\/44 del 7 de julio de 1944. En este Decreto-Ley se reglamenta el ejercicio de dichas profesiones, se determina qu\u00e9 personas y con qu\u00e9 t\u00edtulos pueden ejercer la profesi\u00f3n y establece, en su art\u00edculo 13\u00b0 que deber\u00e1n crearse los respectivos Consejos Profesionales, a los efectos de velar por el correcto cumplimiento de lo establecido en dicho decreto. En su art. 21\u00b0 aclara que dichos Consejos ser\u00e1n constituidos por primera vez por disposici\u00f3n y a trav\u00e9s del Ministerio de Obras P\u00fablicas de la Naci\u00f3n, los que proceder\u00e1n en el t\u00e9rmino de un a\u00f1o a la formaci\u00f3n de las matr\u00edculas respectivas y elecci\u00f3n de las autoridades definitiva.\u00a0<\/span><\/p>\n<p align=\"justify\"><span style=\"font-family: Arial; font-size: small;\">Poco despu\u00e9s, el 18 de agosto de 1944, se dicta el Decreto 21.803\/44, por el cual se constituyen los primeros Consejos Profesionales, siendo \u00e9stos los siguientes:\u00a0<\/span><\/p>\n<ul>\n<li>\n<p align=\"justify\"><span style=\"font-family: Arial; font-size: small;\">Consejo Profesional de Agrimensura.<\/span><\/p>\n<\/li>\n<li>\n<p align=\"justify\"><span style=\"font-family: Arial; font-size: small;\">Consejo Profesional de Arquitectura.<\/span><\/p>\n<\/li>\n<li>\n<p align=\"justify\"><span style=\"font-family: Arial; font-size: small;\">Consejo Profesional de Ingenier\u00eda Civil.<\/span><\/p>\n<\/li>\n<li>\n<p align=\"justify\"><span style=\"font-family: Arial; font-size: small;\">Consejo Profesional de Ingenier\u00eda Industrial.<\/span><\/p>\n<\/li>\n<li>\n<p align=\"justify\"><span style=\"font-family: Arial; font-size: small;\">Consejo Profesional de Ingenier\u00eda Mec\u00e1nica y Electricista.<\/span><\/p>\n<\/li>\n<\/ul>\n<p align=\"justify\"><span style=\"font-family: Arial; font-size: small;\">Mediante Decreto-Ley 29.784 del mismo a\u00f1o 1944 se crea el Consejo Profesional de Ingenier\u00eda Agron\u00f3mica, el 3 de noviembre de dicho a\u00f1o. A continuaci\u00f3n fueron creados los siguientes Consejos:<\/span><\/p>\n<ul>\n<li>\n<p align=\"justify\"><span style=\"font-family: Arial; font-size: small;\">Consejo Profesional de Ingenier\u00eda Naval, el 17 de junio de 1959 mediante Decreto-Ley 7.465\/59.<\/span><\/p>\n<\/li>\n<li>\n<p align=\"justify\"><span style=\"font-family: Arial; font-size: small;\">Consejo Profesional de Ingenier\u00eda Electr\u00f3nica y Telecomunicaciones, el 20 d\u00e9 febrero de 1959 mediante Decreto-Ley 1.794\/59.<\/span><\/p>\n<\/li>\n<li>\n<p align=\"justify\"><span style=\"font-family: Arial; font-size: small;\">Consejo Profesional de Ingenier\u00eda Aeron\u00e1utica, el 4 de mayo de 1959 mediante Decreto-Ley 5.286\/59.<\/span><\/p>\n<\/li>\n<li>\n<p align=\"justify\"><span style=\"font-family: Arial; font-size: small;\">Consejo Profesional de Ingenier\u00eda Qu\u00edmica, el 25 de marzo de 1959 mediante Decreto-Ley 3.656\/59.<\/span><\/p>\n<\/li>\n<\/ul>\n<p align=\"justify\"><span style=\"font-family: Arial; font-size: small;\">El 25 de abril de 1958 se dicta el Decreto-Ley 6.070\/58, que es el que hasta la fecha rige el ejercicio profesional. Este Decreto-Ley fue posteriormente ratificado por la Ley 14.467 y es el que en la actualidad da fundamento jur\u00eddico a la actuaci\u00f3n de los Consejos Profesionales.\u00a0<\/span><\/p>\n<p align=\"justify\"><span style=\"font-family: Arial; font-size: small;\"><b>2. RESUMEN DE LAS ATRIBUCIONES<\/b><\/span><\/p>\n<p align=\"justify\"><span style=\"font-family: Arial; font-size: small;\">Las atribuciones de dichos entes est\u00e1n contenidas en el T\u00edtulo lll, art. 16\u00b0 del Decreto-Ley 6.070\/58, siendo las m\u00e1s importantes:<\/span><\/p>\n<ul>\n<li>\n<p align=\"justify\"><span style=\"font-family: Arial; font-size: small;\">Velar por el cumplimiento de la ley.<\/span><\/p>\n<\/li>\n<li>\n<p align=\"justify\"><span style=\"font-family: Arial; font-size: small;\">Organizar y llevar las matr\u00edculas.<\/span><\/p>\n<\/li>\n<li>\n<p align=\"justify\"><span style=\"font-family: Arial; font-size: small;\">Estudiar el alcance de los t\u00edtulos.<\/span><\/p>\n<\/li>\n<li>\n<p align=\"justify\"><span style=\"font-family: Arial; font-size: small;\">Emitir dict\u00e1menes sobre ejercicio profesional y la aplicaci\u00f3n del arancel.<\/span><\/p>\n<\/li>\n<li>\n<p align=\"justify\"><span style=\"font-family: Arial; font-size: small;\">Actuar como \u00e1rbitro o amigable componedor a pedido de parte, en cuestiones relativas al arancel.\u00a0<\/span><\/p>\n<\/li>\n<\/ul>\n<p align=\"justify\"><span style=\"font-family: Arial; font-size: small;\">Es conveniente aclarar que los Consejos Profesionales de Jurisdicci\u00f3n Nacional no desarrollan actividades de orden gremial, ni atinentes a prestaciones sociales o previsionales.<\/span><\/p>\n<p align=\"justify\"><span style=\"font-family: Arial; font-size: small;\"><b>3. JURISDICCI\u00d3N<\/b><\/span><\/p>\n<p><span style=\"font-family: Arial; font-size: small;\"> El Decreto-Ley 6.070\/58 establece el acatamiento a sus disposiciones cuando el ejercicio profesional se realice &#8220;en jurisdicci\u00f3n nacional o ante autoridades o tribunales nacionales&#8221;. En el aspecto geogr\u00e1fico, dicha jurisdicci\u00f3n comprende la Capital Federal y la Provincia de Tierra del Fuego, Ant\u00e1rtida e Islas del Atl\u00e1ntico Sur. En el \u00e1mbito institucional, su jurisdicci\u00f3n abarca tambi\u00e9n las actividades profesionales independientes que exijan presentaciones o aprobaciones de entes nacionales o tribunales federales, ubicados en territorios provinciales<\/span><span style=\"font-family: Arial; font-size: small;\">.<\/span><\/p>\n<p><span style=\"font-family: Arial; font-size: small;\">De<\/span><span style=\"font-family: Arial; font-size: small;\"> igual modo, quedar\u00e1n tambi\u00e9n bajo jurisdicci\u00f3n nacional -ejercida a trav\u00e9s de los Consejos que comprende el Decreto-Ley 6.070\/58- los profesionales que desempe\u00f1an tareas en relaci\u00f3n de dependencia en reparticiones p\u00fablicas y empresas del Estado con sede en la Capital Federal o sede f\u00edsica en territorio provincial.<\/span><\/p>\n<p align=\"justify\"><span style=\"font-family: Arial; font-size: small;\"><b>4. OBLIGATORIEDAD DE LA MATRICULACI\u00d3N<\/b><\/span><\/p>\n<p align=\"justify\"><span style=\"font-family: Arial; font-size: small;\">Todo profesional que ejerza la profesi\u00f3n en alguna de las situaciones a las que se refiere el punto precedente, o act\u00fae en relaci\u00f3n de dependencia del Estado, o del Gobierno de la Ciudad Aut\u00f3noma de Buenos Aires, o de cualquiera de las empresas o entes total o parcialmente de propiedad del Estado, est\u00e1 obligado a matricularse en el Consejo correspondiente a su t\u00edtulo, en las condiciones impuestas por el Decreto-Ley 6.070\/58.<\/span><\/p>\n<p align=\"justify\"><span style=\"font-family: Arial; font-size: small;\">Existe penalidad de multa exigible judicialmente para quienes, estando en situaci\u00f3n de\u00a0 hacerlo, ejerzan la profesi\u00f3n en jurisdicci\u00f3n nacional sin haber obtenido su matr\u00edcula. Salvo prueba en contrario o declaraci\u00f3n jurada de no haber ejercido con anterioridad la profesi\u00f3n en jurisdicci\u00f3n nacional, en el acto de solicitar la inscripci\u00f3n en un Consejo deber\u00e1 abonar los derechos anuales y de inscripci\u00f3n desde la fecha que consta en su t\u00edtulo.<\/span><\/p>\n<p align=\"justify\"><span style=\"font-family: Arial; font-size: small;\">Las autoridades judiciales, las reparticiones p\u00fablicas nacionales y municipales, y las Empresas del Estado, est\u00e1n obligadas por la ley a exigir y verificar la inscripci\u00f3n de los profesionales que se desempe\u00f1en corno empleados bajo su dependencia.<\/span><\/p>\n<p align=\"justify\"><span style=\"font-family: Arial; font-size: small;\">Cualquier profesional puede solicitar al Consejo respectivo la suspensi\u00f3n de su matr\u00edcula en caso que dejara de ejercer temporariamente su profesi\u00f3n o se alejara del pa\u00eds, pudiendo pedir el levantamiento de dicha suspensi\u00f3n en el momento en que vuelva a ejercer.\u00a0<\/span><\/p>\n<p align=\"justify\"><span style=\"font-family: Arial; font-size: small;\"><b>5. COMPOSICI\u00d3N Y FUNCIONAMIENTO\u00a0<\/b><\/span><\/p>\n<p align=\"justify\"><span style=\"font-family: Arial; font-size: small;\">Los Consejos Profesionales est\u00e1n constituidos por miembros titulares, cuyo mandato dura cuatro a\u00f1os y miembros suplentes con dos a\u00f1os de mandato, en el n\u00famero fijado por los respectivos reglamentos internos.<\/span><\/p>\n<p align=\"justify\"><b><span style=\"font-family: Arial; font-size: medium;\">JUNTA CENTRAL DE LOS CONSEJOS PROFESIONALES<\/span><\/b><\/p>\n<p align=\"justify\"><span style=\"font-family: Arial; font-size: small;\"><b>1. BREVE RESE\u00d1A<\/b><\/span><\/p>\n<p align=\"justify\"><span style=\"font-family: Arial; font-size: small;\">La Junta Central de los Consejos Profesionales de Agrimensura, Arquitectura e Ingenier\u00eda, surgi\u00f3 a instancias del Decreto-Ley 4.016\/57.\u00a0<\/span><\/p>\n<p align=\"justify\"><span style=\"font-family: Arial; font-size: small;\">Si bien este organismo no estaba institucionalizado, en la pr\u00e1ctica, desde el a\u00f1o 1944 los respectivos Consejos se reun\u00edan e intercambiaban informaci\u00f3n y opiniones sobre problemas de inter\u00e9s com\u00fan.<\/span><\/p>\n<p align=\"justify\"><span style=\"font-family: Arial; font-size: small;\">La Junta Central, tal como funciona hoy en d\u00eda, fue creada por el art. 20\u00b0 del Decreto-Ley 6.070\/58, el cual defini\u00f3 sus funciones y atribuciones.<\/span><\/p>\n<p align=\"justify\"><span style=\"font-family: Arial; font-size: small;\">La primera reuni\u00f3n se realiz\u00f3 el 4 de junio de 1958, con los representantes de los Consejos Profesionales de Agrimensura, Agronom\u00eda, Arquitectura, Ingenier\u00eda Civil, Ingenier\u00eda Industrial e Ingenier\u00eda Mec\u00e1nica y Electricista.<\/span><\/p>\n<p align=\"justify\"><span style=\"font-family: Arial; font-size: small;\">Posteriormente se integraron a la misma los Consejos Profesionales de Ingenier\u00eda Aeron\u00e1utica, Ingenier\u00eda Naval, Ingenier\u00eda Qu\u00edmica y de Ingenier\u00eda Electr\u00f3nica y en Telecomunicaciones.<\/span><\/p>\n<p align=\"justify\"><span style=\"font-family: Arial; font-size: small;\"><b>2. FUNCIONES Y ATRIBUCIONES<\/b><\/span><\/p>\n<p align=\"justify\"><span style=\"font-family: Arial; font-size: small;\">La Junta Central est\u00e1 constituida por los Presidentes de los Consejos Profesionales que la integran. Su presidente dura un a\u00f1o en sus funciones. Dicho cargo es ejercido en forma rotativa por los respectivos titulares de los Consejos que la forman.<\/span><\/p>\n<p align=\"justify\"><span style=\"font-family: Arial; font-size: small;\">El art. 20\u00b0 del Decreto-Ley 6.070\/58 enumera las funciones de la Junta, entre las que merecen destacarse las siguientes:<\/span><\/p>\n<p style=\"padding-left: 30px;\"><span style=\"font-family: Arial; font-size: small;\">A. Proyectar y proponer el Arancel de Honorarios y el C\u00f3digo de Etica para todas las profesiones regidas por esa ley.<\/span><\/p>\n<p style=\"padding-left: 30px;\"><span style=\"font-family: Arial; font-size: small;\">B. Actuar como Tribunal de \u00c9tica Profesional.<\/span><span style=\"font-family: Arial; font-size: small;\">Resolver los diferendos que se producen entre los Consejos.<\/span><\/p>\n<p style=\"padding-left: 30px;\"><span style=\"font-family: Arial; font-size: small;\">C. Proporcionar a los Consejos la asistencia que le soliciten acerca de asuntos atinentes al ejercicio profesional.<\/span><\/p>\n<p style=\"padding-left: 30px;\"><span style=\"font-family: Arial; font-size: small;\">D. Confeccionar su Reglamento Disciplinario.<\/span><\/p>\n<p style=\"padding-left: 30px;\"><span style=\"font-family: Arial; font-size: small;\">E. Coordinar los proyectos que eleven los Consejos, y proponer a las Universidades Nacionales la sanci\u00f3n de las resoluciones que fijen el alcance de los t\u00edtulos que ellas expidan.\u00a0\u00a0<\/span><\/p>\n<p align=\"justify\"><span style=\"font-family: Arial; font-size: small;\">El funcionamiento de la Junta es solventado por los Consejos seg\u00fan lo establece el art. 35\u00b0, en forma proporcional al n\u00famero de sus respectivos matriculados.<\/span><\/p>\n<p align=\"justify\"><span style=\"font-family: Arial; font-size: small;\">Las relaciones de la Junta Central con el Poder Ejecutivo Nacional se establecen a trav\u00e9s del Ministerio de Obras y Servicios P\u00fablicos.<\/span><\/p>\n\n\n<p><\/p>\n","protected":false},"excerpt":{"rendered":"<p>1. BREVE RESE\u00d1A HIST\u00d3RICA El primer antecedente legislativo del ejercicio profesional de la Agrimensura, Arquitectura e Ingenier\u00eda, es el Decreto-Ley 17.946\/44 del 7 de julio de 1944. En este Decreto-Ley se reglamenta el ejercicio de dichas profesiones, se determina qu\u00e9 personas y con qu\u00e9 t\u00edtulos pueden ejercer la profesi\u00f3n y<a class=\"moretag\" href=\"https:\/\/www.cpajn.org.ar\/web\/historia\/\"> Leer m\u00e1s<\/a><\/p>\n","protected":false},"author":1,"featured_media":47,"parent":0,"menu_order":10,"comment_status":"closed","ping_status":"closed","template":"","meta":{"footnotes":""},"class_list":["post-59","page","type-page","status-publish","has-post-thumbnail","hentry"],"_links":{"self":[{"href":"https:\/\/www.cpajn.org.ar\/web\/wp-json\/wp\/v2\/pages\/59","targetHints":{"allow":["GET"]}}],"collection":[{"href":"https:\/\/www.cpajn.org.ar\/web\/wp-json\/wp\/v2\/pages"}],"about":[{"href":"https:\/\/www.cpajn.org.ar\/web\/wp-json\/wp\/v2\/types\/page"}],"author":[{"embeddable":true,"href":"https:\/\/www.cpajn.org.ar\/web\/wp-json\/wp\/v2\/users\/1"}],"replies":[{"embeddable":true,"href":"https:\/\/www.cpajn.org.ar\/web\/wp-json\/wp\/v2\/comments?post=59"}],"version-history":[{"count":8,"href":"https:\/\/www.cpajn.org.ar\/web\/wp-json\/wp\/v2\/pages\/59\/revisions"}],"predecessor-version":[{"id":831,"href":"https:\/\/www.cpajn.org.ar\/web\/wp-json\/wp\/v2\/pages\/59\/revisions\/831"}],"wp:featuredmedia":[{"embeddable":true,"href":"https:\/\/www.cpajn.org.ar\/web\/wp-json\/wp\/v2\/media\/47"}],"wp:attachment":[{"href":"https:\/\/www.cpajn.org.ar\/web\/wp-json\/wp\/v2\/media?parent=59"}],"curies":[{"name":"wp","href":"https:\/\/api.w.org\/{rel}","templated":true}]}}

<p align="justify"><span style="font-family: Arial; font-size: small;"><b>1. BREVE RESEÑA HISTÓRICA</b></span></p>
<p align="justify"><span style="font-family: Arial; font-size: small;">El primer antecedente legislativo del ejercicio profesional de la Agrimensura, Arquitectura e Ingeniería, es el Decreto-Ley 17.946/44 del 7 de julio de 1944. En este Decreto-Ley se reglamenta el ejercicio de dichas profesiones, se determina qué personas y con qué títulos pueden ejercer la profesión y establece, en su artículo 13° que deberán crearse los respectivos Consejos Profesionales, a los efectos de velar por el correcto cumplimiento de lo establecido en dicho decreto. En su art. 21° aclara que dichos Consejos serán constituidos por primera vez por disposición y a través del Ministerio de Obras Públicas de la Nación, los que procederán en el término de un año a la formación de las matrículas respectivas y elección de las autoridades definitiva. </span></p>
<p align="justify"><span style="font-family: Arial; font-size: small;">Poco después, el 18 de agosto de 1944, se dicta el Decreto 21.803/44, por el cual se constituyen los primeros Consejos Profesionales, siendo éstos los siguientes: </span></p>
<ul>
<li>
<p align="justify"><span style="font-family: Arial; font-size: small;">Consejo Profesional de Agrimensura.</span></p>
</li>
<li>
<p align="justify"><span style="font-family: Arial; font-size: small;">Consejo Profesional de Arquitectura.</span></p>
</li>
<li>
<p align="justify"><span style="font-family: Arial; font-size: small;">Consejo Profesional de Ingeniería Civil.</span></p>
</li>
<li>
<p align="justify"><span style="font-family: Arial; font-size: small;">Consejo Profesional de Ingeniería Industrial.</span></p>
</li>
<li>
<p align="justify"><span style="font-family: Arial; font-size: small;">Consejo Profesional de Ingeniería Mecánica y Electricista.</span></p>
</li>
</ul>
<p align="justify"><span style="font-family: Arial; font-size: small;">Mediante Decreto-Ley 29.784 del mismo año 1944 se crea el Consejo Profesional de Ingeniería Agronómica, el 3 de noviembre de dicho año. A continuación fueron creados los siguientes Consejos:</span></p>
<ul>
<li>
<p align="justify"><span style="font-family: Arial; font-size: small;">Consejo Profesional de Ingeniería Naval, el 17 de junio de 1959 mediante Decreto-Ley 7.465/59.</span></p>
</li>
<li>
<p align="justify"><span style="font-family: Arial; font-size: small;">Consejo Profesional de Ingeniería Electrónica y Telecomunicaciones, el 20 dé febrero de 1959 mediante Decreto-Ley 1.794/59.</span></p>
</li>
<li>
<p align="justify"><span style="font-family: Arial; font-size: small;">Consejo Profesional de Ingeniería Aeronáutica, el 4 de mayo de 1959 mediante Decreto-Ley 5.286/59.</span></p>
</li>
<li>
<p align="justify"><span style="font-family: Arial; font-size: small;">Consejo Profesional de Ingeniería Química, el 25 de marzo de 1959 mediante Decreto-Ley 3.656/59.</span></p>
</li>
</ul>
<p align="justify"><span style="font-family: Arial; font-size: small;">El 25 de abril de 1958 se dicta el Decreto-Ley 6.070/58, que es el que hasta la fecha rige el ejercicio profesional. Este Decreto-Ley fue posteriormente ratificado por la Ley 14.467 y es el que en la actualidad da fundamento jurídico a la actuación de los Consejos Profesionales. </span></p>
<p align="justify"><span style="font-family: Arial; font-size: small;"><b>2. RESUMEN DE LAS ATRIBUCIONES</b></span></p>
<p align="justify"><span style="font-family: Arial; font-size: small;">Las atribuciones de dichos entes están contenidas en el Título lll, art. 16° del Decreto-Ley 6.070/58, siendo las más importantes:</span></p>
<ul>
<li>
<p align="justify"><span style="font-family: Arial; font-size: small;">Velar por el cumplimiento de la ley.</span></p>
</li>
<li>
<p align="justify"><span style="font-family: Arial; font-size: small;">Organizar y llevar las matrículas.</span></p>
</li>
<li>
<p align="justify"><span style="font-family: Arial; font-size: small;">Estudiar el alcance de los títulos.</span></p>
</li>
<li>
<p align="justify"><span style="font-family: Arial; font-size: small;">Emitir dictámenes sobre ejercicio profesional y la aplicación del arancel.</span></p>
</li>
<li>
<p align="justify"><span style="font-family: Arial; font-size: small;">Actuar como árbitro o amigable componedor a pedido de parte, en cuestiones relativas al arancel. </span></p>
</li>
</ul>
<p align="justify"><span style="font-family: Arial; font-size: small;">Es conveniente aclarar que los Consejos Profesionales de Jurisdicción Nacional no desarrollan actividades de orden gremial, ni atinentes a prestaciones sociales o previsionales.</span></p>
<p align="justify"><span style="font-family: Arial; font-size: small;"><b>3. JURISDICCIÓN</b></span></p>
<p><span style="font-family: Arial; font-size: small;"> El Decreto-Ley 6.070/58 establece el acatamiento a sus disposiciones cuando el ejercicio profesional se realice &#8220;en jurisdicción nacional o ante autoridades o tribunales nacionales&#8221;. En el aspecto geográfico, dicha jurisdicción comprende la Capital Federal y la Provincia de Tierra del Fuego, Antártida e Islas del Atlántico Sur. En el ámbito institucional, su jurisdicción abarca también las actividades profesionales independientes que exijan presentaciones o aprobaciones de entes nacionales o tribunales federales, ubicados en territorios provinciales</span><span style="font-family: Arial; font-size: small;">.</span></p>
<p><span style="font-family: Arial; font-size: small;">De</span><span style="font-family: Arial; font-size: small;"> igual modo, quedarán también bajo jurisdicción nacional -ejercida a través de los Consejos que comprende el Decreto-Ley 6.070/58- los profesionales que desempeñan tareas en relación de dependencia en reparticiones públicas y empresas del Estado con sede en la Capital Federal o sede física en territorio provincial.</span></p>
<p align="justify"><span style="font-family: Arial; font-size: small;"><b>4. OBLIGATORIEDAD DE LA MATRICULACIÓN</b></span></p>
<p align="justify"><span style="font-family: Arial; font-size: small;">Todo profesional que ejerza la profesión en alguna de las situaciones a las que se refiere el punto precedente, o actúe en relación de dependencia del Estado, o del Gobierno de la Ciudad Autónoma de Buenos Aires, o de cualquiera de las empresas o entes total o parcialmente de propiedad del Estado, está obligado a matricularse en el Consejo correspondiente a su título, en las condiciones impuestas por el Decreto-Ley 6.070/58.</span></p>
<p align="justify"><span style="font-family: Arial; font-size: small;">Existe penalidad de multa exigible judicialmente para quienes, estando en situación de  hacerlo, ejerzan la profesión en jurisdicción nacional sin haber obtenido su matrícula. Salvo prueba en contrario o declaración jurada de no haber ejercido con anterioridad la profesión en jurisdicción nacional, en el acto de solicitar la inscripción en un Consejo deberá abonar los derechos anuales y de inscripción desde la fecha que consta en su título.</span></p>
<p align="justify"><span style="font-family: Arial; font-size: small;">Las autoridades judiciales, las reparticiones públicas nacionales y municipales, y las Empresas del Estado, están obligadas por la ley a exigir y verificar la inscripción de los profesionales que se desempeñen corno empleados bajo su dependencia.</span></p>
<p align="justify"><span style="font-family: Arial; font-size: small;">Cualquier profesional puede solicitar al Consejo respectivo la suspensión de su matrícula en caso que dejara de ejercer temporariamente su profesión o se alejara del país, pudiendo pedir el levantamiento de dicha suspensión en el momento en que vuelva a ejercer. </span></p>
<p align="justify"><span style="font-family: Arial; font-size: small;"><b>5. COMPOSICIÓN Y FUNCIONAMIENTO </b></span></p>
<p align="justify"><span style="font-family: Arial; font-size: small;">Los Consejos Profesionales están constituidos por miembros titulares, cuyo mandato dura cuatro años y miembros suplentes con dos años de mandato, en el número fijado por los respectivos reglamentos internos.</span></p>
<p align="justify"><b><span style="font-family: Arial; font-size: medium;">JUNTA CENTRAL DE LOS CONSEJOS PROFESIONALES</span></b></p>
<p align="justify"><span style="font-family: Arial; font-size: small;"><b>1. BREVE RESEÑA</b></span></p>
<p align="justify"><span style="font-family: Arial; font-size: small;">La Junta Central de los Consejos Profesionales de Agrimensura, Arquitectura e Ingeniería, surgió a instancias del Decreto-Ley 4.016/57. </span></p>
<p align="justify"><span style="font-family: Arial; font-size: small;">Si bien este organismo no estaba institucionalizado, en la práctica, desde el año 1944 los respectivos Consejos se reunían e intercambiaban información y opiniones sobre problemas de interés común.</span></p>
<p align="justify"><span style="font-family: Arial; font-size: small;">La Junta Central, tal como funciona hoy en día, fue creada por el art. 20° del Decreto-Ley 6.070/58, el cual definió sus funciones y atribuciones.</span></p>
<p align="justify"><span style="font-family: Arial; font-size: small;">La primera reunión se realizó el 4 de junio de 1958, con los representantes de los Consejos Profesionales de Agrimensura, Agronomía, Arquitectura, Ingeniería Civil, Ingeniería Industrial e Ingeniería Mecánica y Electricista.</span></p>
<p align="justify"><span style="font-family: Arial; font-size: small;">Posteriormente se integraron a la misma los Consejos Profesionales de Ingeniería Aeronáutica, Ingeniería Naval, Ingeniería Química y de Ingeniería Electrónica y en Telecomunicaciones.</span></p>
<p align="justify"><span style="font-family: Arial; font-size: small;"><b>2. FUNCIONES Y ATRIBUCIONES</b></span></p>
<p align="justify"><span style="font-family: Arial; font-size: small;">La Junta Central está constituida por los Presidentes de los Consejos Profesionales que la integran. Su presidente dura un año en sus funciones. Dicho cargo es ejercido en forma rotativa por los respectivos titulares de los Consejos que la forman.</span></p>
<p align="justify"><span style="font-family: Arial; font-size: small;">El art. 20° del Decreto-Ley 6.070/58 enumera las funciones de la Junta, entre las que merecen destacarse las siguientes:</span></p>
<p style="padding-left: 30px;"><span style="font-family: Arial; font-size: small;">A. Proyectar y proponer el Arancel de Honorarios y el Código de Etica para todas las profesiones regidas por esa ley.</span></p>
<p style="padding-left: 30px;"><span style="font-family: Arial; font-size: small;">B. Actuar como Tribunal de Ética Profesional.</span><span style="font-family: Arial; font-size: small;">Resolver los diferendos que se producen entre los Consejos.</span></p>
<p style="padding-left: 30px;"><span style="font-family: Arial; font-size: small;">C. Proporcionar a los Consejos la asistencia que le soliciten acerca de asuntos atinentes al ejercicio profesional.</span></p>
<p style="padding-left: 30px;"><span style="font-family: Arial; font-size: small;">D. Confeccionar su Reglamento Disciplinario.</span></p>
<p style="padding-left: 30px;"><span style="font-family: Arial; font-size: small;">E. Coordinar los proyectos que eleven los Consejos, y proponer a las Universidades Nacionales la sanción de las resoluciones que fijen el alcance de los títulos que ellas expidan.  </span></p>
<p align="justify"><span style="font-family: Arial; font-size: small;">El funcionamiento de la Junta es solventado por los Consejos según lo establece el art. 35°, en forma proporcional al número de sus respectivos matriculados.</span></p>
<p align="justify"><span style="font-family: Arial; font-size: small;">Las relaciones de la Junta Central con el Poder Ejecutivo Nacional se establecen a través del Ministerio de Obras y Servicios Públicos.</span></p>


<p></p>

<p>1. BREVE RESEÑA HISTÓRICA El primer antecedente legislativo del ejercicio profesional de la Agrimensura, Arquitectura e Ingeniería, es el Decreto-Ley 17.946/44 del 7 de julio de 1944. En este Decreto-Ley se reglamenta el ejercicio de dichas profesiones, se determina qué personas y con qué títulos pueden ejercer la profesión y<a class="moretag" href="https://www.cpajn.org.ar/web/historia/"> Leer más</a></p>
